 296. Give t(5).
24
Let n(k) = -k**2 + 27*k - 70. What is n(24)?
2
Let n(r) = 2*r - 33. Determine n(-5).
-43
Let v(h) = h**3 - 42*h**2 - 44*h + 62. Determine v(43).
19
Let o(p) = p**3 + 7*p**2 + 5*p - 4. Calculate o(-5).
21
Let d(q) = q**3 + 7*q**2 + 3*q - 1. Calculate d(-6).
17
Let n(c) = c**3 + 5*c**2 - 3*c - 17. What is n(-5)?
-2
Let d(g) = g**3 - 28*g**2 + 31*g - 115. What is d(27)?
-7
Let s(x) = -55*x + 3. What is s(-1)?
58
Let n(k) = k**3 - 13*k**2 + 12. Determine n(13).
12
Let v(w) = w**2 - 8*w - 9. Determine v(9).
0
Let i(f) = -21*f**3 - f**2 + 2*f + 3. Give i(-1).
21
Let p(x) = x - 24. Determine p(6).
-18
Let c(d) = -2*d**2 + 2*d + 3. Determine c(4).
-21
Let q(k) = -k**2 - 12*k + 18. Calculate q(4).
-46
Let j(x) = x**3 + 16*x**2 - 16*x + 11. Give j(-17).
-6
Let a(o) = 14*o**2 - 195*o - 21. Calculate a(14).
-7
Let k(r) = r**3 + 2*r**2 + 3*r + 9. Give k(-3).
-9
Let s(d) = 5*d + 3. What is s(-7)?
-32
Let i(u) = -2*u**2 - 14*u + 14. Give i(-12).
-106
Let f(o) = -o**3 + 40*o**2 - 75*o + 15. Calculate f(38).
53
Let n(m) = -3*m**3 + 2*m**2 + 2. Calculate n(2).
-14
Let o(c) = c**2 - 25*c + 70. Determine o(22).
4
Let p(m) = m**3 + 7*m**2 - 10*m - 8. What is p(-8)?
8
Let d(a) = 4*a + 9. Give d(5).
29
Let w(h) = -7*h**2 - h - 1. Give w(-1).
-7
Let d(t) = -t**3 - 14*t**2 - t - 7. What is d(-14)?
7
Let o(a) = a + 26. Determine o(-25).
1
Let r(n) = 6*n - 71. Calculate r(8).
-23
Let f(n) = -17*n - 6. Give f(-3).
45
Let r(p) = -5*p + 32. Determine r(7).
-3
Let g(f) = f**2 + 10*f + 26. What is g(-7)?
5
Let m(l) = -5*l + 71. Determine m(13).
6
Let n(o) = -17*o. Calculate n(-1).
17
Let g(s) = -s**3 - 34*s**2 - 2*s - 74. Calculate g(-34).
-6
Let x(r) = r**2 + 11*r + 17. Give x(-9).
-1
Let v(w) = -5*w - 28. What is v(-5)?
-3
Let c(n) = n**2 + 31. Give c(0).
31
Let z(l) = -6*l**2 + 16*l + 32. Calculate z(-2).
-24
Let q(g) = g**3 - 20*g + 25. What is q(3)?
-8
Let a(i) = -i**3 + 9*i**2 + 17*i - 25. Determine a(11).
-80
Let l(u) = u**3 + 10*u**2 - 4. What is l(-10)?
-4
Let s(o) = -o**2 - 21*o - 56. What is s(-16)?
24
Let l(y) = -4*y - 7. Determine l(-8).
25
Let c(t) = 3*t - 5. Calculate c(5).
10
Let x(j) = 5*j + 37. Calculate x(-8).
-3
Let w(t) = t**3 + 5*t**2 + 4*t + 5. What is w(-5)?
-15
Let w(p) = p + 8. Determine w(-31).
-23
Let k(a) = 5*a + 34. Determine k(-8).
-6
Let h(t) = -t - 2. Determine h(4).
-6
Let g(y) = 9*y + 33. Determine g(-19).
-138
Let k(o) = -10*o - 12. What is k(-10)?
88
Let r(m) = -m**3 - 9*m**2 + 17*m - 65. Give r(-11).
-10
Let x(g) = -g**3 - 25*g**2 + 12. What is x(-25)?
12
Let z(i) = -2*i**2 + 59*i + 19. Calculate z(30).
-11
Let w(b) = 2*b**3 + 19*b**2 - 12*b - 19. Give w(-10).
1
Let w(f) = -f - 7. Calculate w(0).
-7
Let d(n) = n**3 + 7*n**2 + 9*n + 8. Calculate d(-6).
-10
Let a(m) = 2*m - 18. What is a(0)?
-18
Let z(j) = 2*j**2 + 23*j + 16. Give z(-10).
-14
Let p(c) = c**3 - 2*c**2 + 4*c + 1. What is p(4)?
49
Let t(q) = -q**2 + 4*q + 4. Calculate t(-3).
-17
Let k(q) = 12*q + 116. Determine k(-9).
8
Let t(y) = 25*y - 353. What is t(14)?
-3
Let m(j) = j**3 + j**2 + 4*j - 65. Calculate m(0).
-65
Let u(l) = -16*l - 196. Determine u(-12).
-4
Let t(s) = -s**2 + 18*s + 55. Calculate t(20).
15
Let u(s) = -s**3 - 2*s**2 + 4*s + 7. Determine u(-3).
4
Let t(a) = -a + 23. Calculate t(12).
11
Let b(s) = 6*s + 55. Give b(-5).
25
Let h(q) = q**3 + 3*q**2 + 2. Give h(-2).
6
Let c(q) = -q**3 - 10*q**2 + 4*q + 24. Give c(-10).
-16
Let i(n) = n**3 + 12*n**2 + 3*n - 11. Give i(-12).
-47
Let d(b) = 2*b**3 + 35*b**2 + 21*b + 38. Calculate d(-17).
-30
Let z(d) = d**2 - 17*d + 13. Give z(13).
-39
Let h(c) = 6*c + 100. What is h(-15)?
10
Let y(x) = -x**2 + 31*x - 97. Determine y(29).
-39
Let i(p) = p + 55. Calculate i(0).
55
Let x(l) = l**3 - 10*l**2 + 10*l - 12. Determine x(9).
-3
Let u(z) = z**2 - 34*z + 290. Give u(15).
5
Let y(d) = -d**3 + 16*d**2 - 15*d + 9. Calculate y(15).
9
Let j(a) = -2*a**2 + 52*a - 59. Determine j(24).
37
Let o(d) = 18*d + 2. Determine o(1).
20
Let o(z) = 10*z + 50. Determine o(-7).
-20
Let c(j) = 2*j**2 - 18*j - 320. Determine c(18).
4
Let k(m) = -m**2 + 5*m - 3. What is k(6)?
-9
Let l(t) = t**3 - 3*t**2 - 6. What is l(4)?
10
Let c(d) = 14*d**2 + 4*d + 3. What is c(-1)?
13
Let g(o) = 7*o - 13. Give g(7).
36
Let a(y) = 4*y**2 - 4*y - 1. Determine a(3).
23
Let x(m) = -m**2 - 8*m - 3. What is x(-9)?
-12
Let m(r) = -r + 27. Give m(14).
13
Let l(r) = -2*r**3 - 33*r**2 - 15*r + 30. Calculate l(-16).
14
Let a(o) = -o**3 - 13*o**2 + 28*o - 9. Calculate a(-15).
21
Let q(r) = 3*r**3 + r**2 - 4*r - 3. Determine q(-2).
-15
Let w(g) = g**3 + 11*g**2 - 4. Give w(-11).
-4
Let o(s) = -3*s**2 + 7*s - 4. Give o(-4).
-80
Let r(a) = 7*a + 90. Give r(26).
272
Let f(u) = 19*u**2 - 1. Determine f(-2).
75
Let b(w) = -w**2 - 3*w - 20. Calculate b(0).
-20
Let h(f) = -f**2 - 6*f - 30. What is h(-6)?
-30
Let g(k) = k**2 + 2*k - 24. Determine g(-7).
11
Let z(k) = k**2 + 5*k + 4. Calculate z(-4).
0
Let r(w) = -w**2 + 13*w + 56. What is r(16)?
8
Let k(p) = -5*p + 48. Determine k(20).
-52
Let m(c) = 3*c + 50. Calculate m(-12).
14
Let m(q) = -q**2 - 15*q - 2. What is m(-15)?
-2
Let o(w) = -w**2 + 9*w - 17. What is o(7)?
-3
Let n(h) = -4*h**2 - 2*h - 4. Determine n(4).
-76
Let w(h) = h**2 - 6*h + 12. Determine w(4).
4
Let k(l) = 48*l - 182. What is k(4)?
10
Let q(a) = 4*a**3 + 7*a**2 - a - 1. Give q(-3).
-43
Let q(j) = 13*j + 92. Calculate q(-7).
1
Let z(u) = 2*u - 10. Give z(8).
6
Let m(g) = g**2 - 6. Give m(3).
3
Let q(x) = -x**2 + 9*x + 18. Determine q(10).
8
Let c(v) = -8*v**2 + 5*v - 3. What is c(3)?
-60
Let x(b) = b**3 + 10*b**2 - 10*b - 11. Calculate x(-11).
-22
Let n(h) = -h**3 + 4*h**2 + 7*h - 3. What is n(5)?
7
Let v(o) = -o + 22. Calculate v(21).
1
Let c(l) = 2*l**3 + l**2 - 2*l + 1. What is c(1)?
2
Let a(k) = 7*k**3 - k**2 - 2*k - 1. Give a(2).
47
Let t(q) = q**3 + 12*q**2 + 12*q. Determine t(-11).
-11
Let m(f) = f**2 - 7*f + 17. What is m(4)?
5
Let c(i) = i**3 + 3*i**2 - 11*i + 13. Determine c(3).
34
Let v(p) = -4*p - 67. What is v(-19)?
9
Let l(g) = 2*g**2 - 21*g + 8. Calculate l(10).
-2
Let p(q) = q + 25. What is p(-27)?
-2
Let i(c) = -2*c**2 + 24*c - 1. What is i(12)?
-1
Let n(f) = -f**2 + 15*f - 12. Give n(14).
2
Let b(f) = -22*f + 245. Calculate b(11).
3
Let k(g) = -g**3 + 15*g - 6. Calculate k(0).
-6
Let j(v) = 47*v - 4. What is j(0)?
-4
Let d(i) = i**3 - i**2 - 14. Calculate d(0).
-14
Let i(b) = 2*b + 9. Determine i(0).
9
Let z(i) = i**3 + 7*i**2 + 5*i - 2. Calculate z(-6).
4
Let h(x) = -x**3 - 29*x**2 + 33*x + 105. Determine h(-30).
15
Let a(x) = x**3 + 5*x**2 + x. Calculate a(-5).
-5
Let s(x) = x**2 - 3*x - 186. Calculate s(-13).
22
Let n(w) = -w**3 + 16*w**2 + w - 15. What is n(16)?
1
Let b(q) = -3*q**2 + q - 1. Determine b(1).
-3
Let w(q) = -q - 26. What is w(0)?
-26
Let c(t) = -t**2 - t + 7. Determine c(2).
1
Let a(c) = -c**2 + 2*c + 6. What is a(9)?
-57
Let u(z) = -z**2 + 20*z - 84. Determine u(9).
15
Let z(p) = -4*p - 94. Give z(-22).
-6
Let i(y) = y**3 + y**2 + 2*y - 4. What is i(2)?
12
Let d(x) = 24*x - 6. Determine d(1).
18
Let d(c) = -c**2 - 19*c - 33. Determine d(-17).
1
Let j(z) = z**2 - 8*z + 7. What is j(7)?
0
Let s(n) = -n**3 - n**2 + 10*n + 1. What is s(-4)?
9
Let l(s) = s**3 - 9*s**2 + 3*s - 15. Determine l(9).
12
Let f(g) = -g**3 - 7*g**2 - 11*g - 14. What is f(-6)?
16
Let z(m) = m**2 - 48*m + 125. What is z(45)?
-10
Let v(p) = -2*p**2 + 20*p + 22. Give v(11).
0
Let j(d) = -4*d + 97. Calculate j(24).
1
Let v(j) = -j**3 - 36*j**2 - 34*j + 49. Calculate v(-35).
14
Let u(a) = -3*a + 13. Calculate u(5).
-2
Let p(q) = -q**2 + 10*q + 6. Determine p(6).
30
Let v(m) = -m**2 + 17*m + 26. Determine v(13).
78
Let a(n) = 16*n + 82. What is a(-5)?
2
Let t(s) = 10*s**2 + 181*s + 15. Give t(-18).
-3
Let x(a) = -24*a + 31. Give x(2).
-17
Let i(m) = -13*m**3 + 1. Determine i(-1).
14
Let p(b) = 5*b**2 + 3*b + 1. Calculate p(-2).
15
Let c(u) = -u + 13. Determine c(4).
9
Let s(c) = -c**2 + 6*c + 32. Determine s(10).
-8
Let s(w) = -2*w**2 + 9*w - 1. Determine s(6).
-19
Let v(u) = u**3 - 6*u**2 + 3*u - 4. What is v(4)?
-24
Let v(h) = 38*h - 21. Calculate v(1).
17
Let p(y) = -y**3 + 13*y**2 + 34*y - 55. Give p(15).
5
Let b(p) = 4*p**2 - p - 45. What is b(-6)?
105
Let q(v) = -v**3 + 3*v**2 - 2*v. Give q(2).
0
Let c(l) = 3*l**2 - 3*l. Determine 